e
Is 1703501 composite?
False
Is 292301 prime?
True
Is 1899589 a prime number?
True
Is 63905 a prime number?
False
Is 1116569 a prime number?
True
Is 212509 a composite number?
True
Is 101219 a prime number?
False
Is 36683 prime?
True
Is 27941 composite?
False
Is 249531 a composite number?
True
Is 4186795 a prime number?
False
Is 9274 composite?
True
Is 814535 composite?
True
Is 376303 prime?
False
Is 479 prime?
True
Is 14197 a composite number?
False
Is 57821 composite?
True
Is 95947 a composite number?
False
Is 257783 a composite number?
False
Is 914731 a composite number?
False
Is 151583 prime?
False
Is 93131 a prime number?
True
Is 13214 composite?
True
Is 60037 a prime number?
True
Is 107021 a prime number?
True
Is 80561 composite?
True
Is 127369 composite?
True
Is 11545 composite?
True
Is 131203 composite?
False
Is 242227 prime?
True
Is 21181 a composite number?
True
Is 407029 prime?
False
Is 90223 composite?
True
Is 91079 composite?
False
Is 307929 a prime number?
False
Is 193642 a composite number?
True
Is 701 a composite number?
False
Is 19731 a composite number?
True
Is 67693 composite?
True
Is 13469 a prime number?
True
Is 2897341 composite?
False
Is 4987 a prime number?
True
Is 9014 a prime number?
False
Is 58679 composite?
False
Is 51383 composite?
False
Is 136361 prime?
True
Is 60031 a composite number?
True
Is 777626 a composite number?
True
Is 228937 a composite number?
True
Is 50689 prime?
False
Is 233021 prime?
True
Is 23521 composite?
True
Is 10243 prime?
True
Is 677 composite?
False
Is 330509 a prime number?
True
Is 199151 prime?
True
Is 171562 composite?
True
Is 542107 composite?
True
Is 13829 prime?
True
Is 176261 prime?
True
Is 7997 a composite number?
True
Is 118081 composite?
False
Is 1383287 a prime number?
True
Is 331013 a composite number?
False
Is 13787 composite?
True
Is 27769 a prime number?
False
Is 685129 prime?
False
Is 55313 a prime number?
True
Is 305267 composite?
False
Is 991 composite?
False
Is 2605 a composite number?
True
Is 46537 prime?
False
Is 7961 a prime number?
False
Is 144611 composite?
False
Is 3037 prime?
True
Is 57745 composite?
True
Is 25361 a composite number?
True
Is 74791 a composite number?
True
Is 61797 prime?
False
Is 966583 a composite number?
False
Is 914 composite?
True
Is 11657 prime?
True
Is 35881 a composite number?
True
Is 3593 a composite number?
False
Is 7989 prime?
False
Is 90499 a prime number?
True
Is 2323 a composite number?
True
Is 23399 a composite number?
False
Is 787 a composite number?
False
Is 7609 a prime number?
False
Is 3711 composite?
True
Is 371 composite?
True
Is 979 prime?
False
Is 126062 a composite number?
True
Is 1597807 composite?
True
Is 146437 composite?
False
Is 3821 a composite number?
False
Is 200153 a composite number?
False
Is 546613 composite?
False
Is 375943 prime?
False
Is 12271 composite?
True
Is 39301 a prime number?
True
Is 349105 composite?
True
Is 52361 prime?
True
Is 13093 composite?
False
Is 18947 a prime number?
True
Is 130481 a composite number?
True
Is 6421 a composite number?
False
Is 119023 prime?
False
Is 13367 a prime number?
True
Is 887 a prime number?
True
Is 8219 prime?
True
Is 612497 a prime number?
True
Is 13499 composite?
False
Is 6521 prime?
True
Is 1114567 composite?
False
Is 47189 a prime number?
True
Is 571133 prime?
True
Is 2305 composite?
True
Is 3271 composite?
False
Is 4153 composite?
False
Is 2503 prime?
True
Is 183613 prime?
False
Is 4583 a prime number?
True
Is 141445 a prime number?
False
Is 259717 a prime number?
True
Is 108161 a prime number?
True
Is 11819 a composite number?
True
Is 121139 composite?
False
Is 23093 a prime number?
False
Is 64522 a prime number?
False
Is 515143 prime?
True
Is 378991 prime?
False
Is 13649 a composite number?
False
Is 16001 composite?
False
Is 2651029 a prime number?
False
Is 148361 prime?
True
Is 153887 a prime number?
True
Is 15143 a prime number?
False
Is 2479 a composite number?
True
Is 5167 a composite number?
False
Is 24659 a prime number?
True
Is 122251 a prime number?
True
Is 349939 prime?
True
Is 5177 a composite number?
True
Is 32393 prime?
False
Is 27821 prime?
False
Is 45545 composite?
True
Is 104461 a composite number?
True
Is 103081 prime?
False
Is 3844043 prime?
False
Is 16033 composite?
False
Is 9655 composite?
True
Is 3407 prime?
True
Is 311722 composite?
True
Is 8409307 prime?
True
Is 7201 a composite number?
True
Is 37243 composite?
False
Is 4703 composite?
False
Is 45151 a prime number?
False
Is 169583 a prime number?
True
Is 5461 composite?
True
Is 7121 a composite number?
False
Is 91 prime?
False
Is 2971 a composite number?
False
Is 2147177 prime?
True
Is 1716769 a prime number?
False
Is 19619 a composite number?
True
Is 217011 prime?
False
Is 773861 composite?
True
Is 48073 a prime number?
True
Is 88427 composite?
False
Is 78809 composite?
False
Is 246769 composite?
False
Is 943 prime?
False
Is 293781 a composite number?
True
Is 94181 composite?
True
Is 2229 composite?
True
Is 36251 prime?
True
Is 1789427 prime?
True
Is 538871 a composite number?
False
Is 71119 prime?
True
Is 10771 composite?
False
Is 4474 a composite number?
True
Is 899 prime?
False
Is 199999 composite?
False
Is 141619 composite?
False
Is 21623 prime?
False
Is 95999 a composite number?
True
Is 54253 composite?
True
Is 21377 a prime number?
True
Is 3847 a prime number?
True
Is 80497 prime?
False
Is 134533 a prime number?
False
Is 46807 prime?
True
Is 28913 a composite number?
True
Is 368021 prime?
True
Is 3341227 a prime number?
True
Is 7033 a composite number?
True
Is 25969 a composite number?
False
Is 3449 a prime number?
True
Is 3989 composite?
False
Is 11255 composite?
True
Is 2772001 prime?
False
Is 223 a composite number?
False
Is 7057 a composite number?
False
Is 28415 a prime number?
False
Is 1567 composite?
False
Is 12421 a composite number?
False
Is 7817 prime?
True
Is 555521 prime?
True
Is 6229 prime?
True
Is 38777 a prime number?
False
Is 272849 prime?
False
Is 18463 prime?
False
Is 121943 a prime number?
False
Is 1515461 a prime number?
True
Is 27359 a composite number?
True
Is 20303 composite?
True
Is 10315 prime?
False
Is 4327 a prime number?
True
Is 61527 a composite number?
True
Is 5399 composite?
False
Is 26327 composite?
True
Is 35907 prime?
False
Is 73099 composite?
True
Is 1540403 prime?
True
Is 131501 a prime number?
True
Is 287791 composite?
True
Is 38281 prime?
True
Is 400823 a composite number?
False
Is 1280017 a composite number?
True
Is 2321 prime?
False
Is 345298 composite?
True
Is 32863 prime?
False
Is 31241 a prime number?
False
Is 2411 a composite number?
False
Is 23774 a prime number?
False
Is 1171 a prime number?
True
Is 2413 a composite number?
True
Is 1000723 composite?
False
Is 248437 a prime number?
False
Is 12769 a composite number?
True
Is 14997 prime?
False
Is 91513 prime?
True
Is 158713 prime?
False
Is 16619 composite?
False
Is 372263 prime?
True
Is 14515 composite?
True
Is 144322 composite?
True
Is 50207 a composite number?
False
Is 9901 a prime number?
True
Is 57881 a prime number?
True
Is 8257 prime?
False
Is 1927655 a prime number?
False
Is 1667311 a composite number?
False
Is 7739 a prime number?
False
Is 12889 prime?
True
Is 38113 a prime number?
True
Is 1643959 composite?
False
Is 586199 a prime number?
False
Is 1295053 a prime number?
False
Is 3413 a prime number?
True
Is 2696329 prime?
True
Is 10859 composite?
False
Is 1172137 composite?
True
Is 60101 prime?
True
Is 1278059 a prime number?
False
Is 187031 prime?
False
Is 680858 composite?
True
Is 2503 composite?
False
Is 7871 composite?
True
Is 2459 composite?
False
Is 31309 composite?
True
Is 1054843 composite?
False
Is 61091 a composite number?
False
Is 44293 composite?
False
Is 726751 prime?
True
Is 3937 prime?
False
Is 91771 a composite number?
False
Is 2880379 a prime number?
True
Is 465469 composite?
False
Is 268459 a composite number?
False
Is 3233 composite?
True
Is 63203 a prime number?
False
Is 372871 composite?
False
Is 462127 a prime number?
False
Is 199859 prime?
False
Is 566179 composite?
False
Is 737 a composite number?
True
Is 12081 prime?
False
Is 6511 prime?
False
Is 460531 a composite number?
False
Is 485593 a prime number?
True
Is 40701 a prime number?
False
Is 139223 a